{"id":17871,"date":"2024-11-21T19:22:39","date_gmt":"2024-11-21T18:22:39","guid":{"rendered":"https:\/\/www.florencefollies.com\/website\/?page_id=17871"},"modified":"2024-12-12T15:20:24","modified_gmt":"2024-12-12T14:20:24","slug":"gdpr","status":"publish","type":"page","link":"https:\/\/www.florencefollies.com\/website\/it\/gdpr\/","title":{"rendered":"GDPR"},"content":{"rendered":"<div class=\"wpb-content-wrapper\">[vc_row][vc_column]<h4 class=\"et-heading text-align-left tablet-text-align-inherit mobile-text-align-inherit animate-false no-animation-type\" id=\"et-heading-349100\" data-delay=\"0\" data-mobile-font=\"inherit\" data-mobile-line-height=\"inherit\" data-tablet-landscape-font=\"inherit\" data-tablet-portrait-font=\"inherit\" data-tablet-landscape-line-height=\"inherit\" data-tablet-portrait-line-height=\"inherit\" data-parallax=\"false\" data-move=\"false\" data-coordinatex=\"0\" data-coordinatey=\"0\" data-speed=\"10\"><span class=\"text-wrapper\"><span class=\"text\">GDPR<\/span><\/span><\/h4><div class=\"et-separator et-clearfix animate-false solid left horizontal et-separator-195186\" data-delay=\"\"><div class=\"line\"><\/div><\/div>[vc_wp_text]<strong>INFORMATIVA EX 13 Reg. UE n. 2016\/679 E CONSENSO EX 7 Reg. UE n. 2016\/679<br \/>\nAl trattamento dei dati personali<\/strong><\/p>\n<p><strong>FLORENCE FOLLIES SRL<\/strong>, P.IVA IT07360160480, con sede legale in Via Rossellini 10 &#8211; 50127 Firenze &#8211; ITALY in qualit\u00e0 di titolare del trattamento, La informa ai sensi dell\u2019art. 13 Regolamento UE n. 2016\/679 (in seguito, \u201cGDPR\u201d) che i Suoi dati saranno trattati con le modalit\u00e0 e per le finalit\u00e0 seguenti:[\/vc_wp_text][vc_wp_text title=&#8221;1. Oggetto del trattamento&#8221;]Il Titolare tratta i Suoi dati personali identificativi (in particolare, nome, cognome, codice fiscale, ragione sociale, p. iva, e-mail, PEC, numero telefonico, IBAN e qualsiasi informazione capace di identificare l\u2019interessato, in seguito \u201cdati personali\u201d o anche \u201cdati\u201d) comunicati al primo trattamento.[\/vc_wp_text][vc_wp_text title=&#8221;2. Finalit\u00e0 del trattamento&#8221;]I Suoi dati personali verranno trattati:<\/p>\n<p>per le seguenti Finalit\u00e0 :<\/p>\n<p>1. adempiere agli obblighi precontrattuali, contrattuali e fiscali derivanti da rapporti in essere con il Titolare;<\/p>\n<p>2. adempiere agli obblighi previsti dalla legge, da un regolamento, dalla normativa comunitaria o da un ordine dell\u2019Autorit\u00e0;<\/p>\n<p>3. inviare i Suoi dati ai responsabili esterni nominati dal Titolare, corrispondenti alle categorie di persone (fisiche o giuridiche) elencate nel registro dei trattamenti;<\/p>\n<p>4. permettere la eventuale registrazione al sito web e alla newsletter, ove esistenti;<\/p>\n<p>5. prevenire o scoprire attivit\u00e0 fraudolente o abusi dannosi posti in essere anche da terzi;<\/p>\n<p>6. esercitare i diritti del Titolare, ad esempio il diritto di difesa in giudizio;<\/p>\n<p>7. inviarLe comunicazioni commerciali relative a servizi e prodotti del Titolare analoghi a quelli di cui gi\u00e0 si \u00e8 usufruito, salvo espresso dissenso.[\/vc_wp_text][vc_wp_text title=&#8221;3. Modalit\u00e0 del trattamento&#8221;]Il trattamento dei dati personali \u00e8 realizzato per mezzo delle operazioni indicate all\u2019art. 4 n. 2 GDPR e precisamente: raccolta, registrazione, organizzazione, conservazione, consultazione, elaborazione, modificazione, selezione, estrazione, raffronto, utilizzo, interconnessione, blocco, comunicazione, cancellazione e distruzione dei dati. I dati personali dell\u2019interessato possono essere sottoposti a trattamento sia cartaceo che elettronico e\/o automatizzato.[\/vc_wp_text][vc_wp_text title=&#8221;4. Durata del trattamento&#8221;]Il Titolare tratter\u00e0 i Suoi dati personali per il tempo necessario per adempiere alle finalit\u00e0 di cui all\u2019art 2.1 della presente informativa e comunque non oltre 10 anni dalla cessazione del rapporto e non oltre 2 anni dalla raccolta dei dati personali per eventuali finalit\u00e0 di Marketing di cui all\u2019art 2, punto 7 della presente informativa.[\/vc_wp_text][vc_wp_text title=&#8221;5. Accesso ai dati&#8221;]I Suoi dati potranno essere resi accessibili per le finalit\u00e0 di cui all\u2019art.2. :<\/p>\n<p>&#8211; a dipendenti e collaboratori del Titolare in qualit\u00e0 di Incaricati e\/o Responsabili del trattamento, nonch\u00e9 al DPO (Responsabile per la Protezione dei Dati), qualora nominato;<br \/>\n&#8211; a terzi soggetti (ad esempio : server, provider per la gestione e manutenzione del sito web, fornitori, istituti di credito, studi professionali, cooperative di servizi, etc) che svolgono attivit\u00e0 in outsourcing per conto del Titolare, nella loro qualit\u00e0 di responsabili esterni del trattamento, nominati dal Titolare.[\/vc_wp_text][vc_wp_text title=&#8221;6. Conservazione e Trasferimento dati&#8221;]La gestione e la conservazione dei dati personali avverr\u00e0 su server ubicati all\u2019interno dell\u2019Unione Europea del Titolare e\/o di societ\u00e0 terze incaricate e debitamente nominate quali Responsabili del trattamento. Attualmente i server sono situati in Italia. I dati non saranno oggetto di trasferimento al di fuori dell\u2019Unione Europea. Resta in ogni caso inteso che il Titolare, ove si rendesse necessario, avr\u00e0 facolt\u00e0 di spostare l\u2019ubicazione dei server in Italia e\/o Unione Europea e\/o Paesi extra-UE. In tal caso, il Titolare assicura sin d\u2019ora che il trasferimento dei dati extra-UE avverr\u00e0 in conformit\u00e0 alle disposizioni di legge applicabili stipulando, se necessario, accordi che garantiscano un livello di protezione adeguato e\/o adottando le clausole contrattuali standard previste dalla Commissione Europea.[\/vc_wp_text][vc_wp_text title=&#8221;7. Comunicazione dei dati&#8221;]Senza espresso consenso (ex art. 7 GDPR), il Titolare potr\u00e0 comunicare i Suoi dati per le finalit\u00e0 di cui all\u2019art. 2. a Organismi di vigilanza, Autorit\u00e0 giudiziarie nonch\u00e9 a tutti gli altri soggetti ai quali la comunicazione risulti obbligatoria per legge per l\u2019espletamento delle finalit\u00e0 dette. I Suoi dati non saranno diffusi.[\/vc_wp_text][vc_wp_text title=&#8221;8. Diritti dell\u2019interessato&#8221;]Nella Sua qualit\u00e0 di interessato, Lei ha i diritti di cui all\u2019art. 15 GDPR e precisamente i diritti di:<br \/>\ni. ottenere la conferma dell&#8217;esistenza o meno di dati personali che La riguardano, anche se non ancora registrati, e la loro comunicazione in forma intelligibile; ii. ottenere l&#8217;indicazione: a) dell&#8217;origine dei dati personali; b) delle finalit\u00e0 e modalit\u00e0 del trattamento; c) della logica applicata in caso di trattamento effettuato con l&#8217;ausilio di strumenti elettronici; d) degli estremi identificativi del titolare, dei responsabili e, nel caso descritto dal combinato disposto degli artt. 3, parag. 2 e . 27, parag. 1, GDPR, del rappresentante stabilito nell\u2019Unione; e) dei soggetti o delle categorie di soggetti ai quali i dati personali possono essere comunicati o che possono venirne a conoscenza in qualit\u00e0 di rappresentante designato nel territorio dello Stato, di responsabili o incaricati; iii. ottenere: a) l&#8217;aggiornamento, la rettificazione ovvero, quando vi hai interesse, l&#8217;integrazione dei dati; b) la cancellazione, la trasformazione in forma anonima o il blocco dei dati trattati in violazione di legge, compresi quelli di cui non \u00e8 necessaria la conservazione in relazione agli scopi per i quali i dati sono stati raccolti o successivamente trattati; c) l&#8217;attestazione che le operazioni di cui alle lettere a) e b) sono state portate a conoscenza, anche per quanto riguarda il loro contenuto, di coloro ai quali i dati sono stati comunicati, eccettuato il caso in cui tale adempimento si rivela impossibile o comporta un impiego di mezzi manifestamente sproporzionato rispetto al diritto tutelato; iv. opporsi, in tutto o in parte: a) per motivi legittimi al trattamento dei dati personali che La riguardano, ancorch\u00e9 pertinenti allo scopo della raccolta; b) al trattamento di dati personali che La riguardano a fini di invio di materiale pubblicitario o di vendita diretta o per il compimento di ricerche di mercato o di comunicazione commerciale, mediante l\u2019uso di sistemi automatizzati di chiamata senza l\u2019intervento di un operatore mediante email e\/o mediante modalit\u00e0 di marketing tradizionali mediante telefono e\/o posta cartacea. Si fa presente che il diritto di opposizione dell\u2019interessato, esposto al precedente punto b), per finalit\u00e0 di marketing diretto mediante modalit\u00e0 automatizzate si estende a quelle tradizionali e che comunque resta salva la possibilit\u00e0 per l\u2019interessato di esercitare il diritto di opposizione anche solo in parte. Pertanto, l\u2019interessato pu\u00f2 decidere di ricevere solo comunicazioni mediante modalit\u00e0 tradizionali ovvero solo comunicazioni automatizzate oppure nessuna delle due tipologie di comunicazione. Ove applicabili, Lei ha altres\u00ec i diritti di cui agli artt. 16-21 GDPR (Diritto di rettifica, diritto all\u2019oblio, diritto di limitazione di trattamento, diritto alla portabilit\u00e0 dei dati, diritto di opposizione), nonch\u00e9 il diritto di reclamo all\u2019Autorit\u00e0 di Controllo.[\/vc_wp_text][vc_wp_text title=&#8221;9. Modalit\u00e0 di esercizio dei diritti&#8221;]Lei potr\u00e0 in qualsiasi momento esercitare i diritti di cui agli artt. 16-21 del GDPR inviando:<br \/>\n&#8211; una raccomandata a.r. a <strong>FLORENCE FOLLIES SRL<\/strong>, P.IVA IT07360160480, con sede operativa in Via Rossellini 10 &#8211; 50127 Firenze &#8211; ITALY, oppure<br \/>\n&#8211; una PEC all\u2019indirizzo <a href=\"mailto:florencefollies@pec.it\"><strong>florencefollies@pec.it<\/strong><\/a>[\/vc_wp_text][vc_wp_text title=&#8221;10. Titolare, responsabile e incaricati, Responsabile Protezione Dati&#8221;]Il Titolare del trattamento \u00e8 <strong>FLORENCE FOLLIES SRL<\/strong>, P.IVA IT07360160480, con sede legale in Via Rossellini 10 &#8211; 50127 Firenze &#8211; ITALY.<br \/>\nL\u2019elenco aggiornato dei responsabili e degli incaricati al trattamento \u00e8 custodito presso la sede del Titolare del trattamento e consultabile previa richiesta scritta.<br \/>\nIl DPO non \u00e8 stato nominato.[\/vc_wp_text][vc_wp_text title=&#8221;11. Modifiche alla presente Informativa&#8221;]La presente Informativa, che consta di n\u00b0 quattro pagine, pu\u00f2 subire variazioni[\/vc_wp_text][vc_wp_text title=&#8221;12. Diritto di revoca del consenso&#8221;]Il titolare del trattamento La informa che, ex art. 7, paragrafo 3, GDPR, Lei ha il diritto di revocare il proprio consenso in qualsiasi momento.[\/vc_wp_text][\/vc_column][\/vc_row]\n<\/div>","protected":false},"excerpt":{"rendered":"<p>[vc_row][vc_column][vc_wp_text]INFORMATIVA EX 13 Reg. UE n. 2016\/679 E CONSENSO EX 7 Reg. UE n. 2016\/679 Al trattamento dei dati personali FLORENCE FOLLIES SRL, P.IVA IT07360160480, con sede legale in Via Rossellini 10 &#8211; 50127 Firenze &#8211; ITALY in qualit\u00e0 di titolare del trattamento, La informa ai sensi dell\u2019art. 13 Regolamento UE n. 2016\/679 (in seguito, [&hellip;]<\/p>\n","protected":false},"author":1,"featured_media":0,"parent":0,"menu_order":0,"comment_status":"closed","ping_status":"closed","template":"","meta":{"footnotes":""},"class_list":["post-17871","page","type-page","status-publish","hentry"],"_links":{"self":[{"href":"https:\/\/www.florencefollies.com\/website\/wp-json\/wp\/v2\/pages\/17871","targetHints":{"allow":["GET"]}}],"collection":[{"href":"https:\/\/www.florencefollies.com\/website\/wp-json\/wp\/v2\/pages"}],"about":[{"href":"https:\/\/www.florencefollies.com\/website\/wp-json\/wp\/v2\/types\/page"}],"author":[{"embeddable":true,"href":"https:\/\/www.florencefollies.com\/website\/wp-json\/wp\/v2\/users\/1"}],"replies":[{"embeddable":true,"href":"https:\/\/www.florencefollies.com\/website\/wp-json\/wp\/v2\/comments?post=17871"}],"version-history":[{"count":6,"href":"https:\/\/www.florencefollies.com\/website\/wp-json\/wp\/v2\/pages\/17871\/revisions"}],"predecessor-version":[{"id":17879,"href":"https:\/\/www.florencefollies.com\/website\/wp-json\/wp\/v2\/pages\/17871\/revisions\/17879"}],"wp:attachment":[{"href":"https:\/\/www.florencefollies.com\/website\/wp-json\/wp\/v2\/media?parent=17871"}],"curies":[{"name":"wp","href":"https:\/\/api.w.org\/{rel}","templated":true}]}}